210?
0
What is the units digit of 6476?
6
What is the tens digit of 700?
0
What is the units digit of 21559?
9
What is the units digit of 549?
9
What is the thousands digit of 4629?
4
What is the ten thousands digit of 35252?
3
What is the units digit of 10?
0
What is the hundreds digit of 5881?
8
What is the units digit of 7918?
8
What is the tens digit of 243?
4
What is the units digit of 2501?
1
What is the thousands digit of 8572?
8
What is the units digit of 228?
8
What is the tens digit of 35018?
1
What is the hundreds digit of 785?
7
What is the hundreds digit of 8270?
2
What is the units digit of 6729?
9
What is the thousands digit of 35532?
5
What is the ten thousands digit of 12142?
1
What is the hundreds digit of 1879?
8
What is the hundreds digit of 9090?
0
What is the units digit of 13498?
8
What is the thousands digit of 35575?
5
What is the tens digit of 125041?
4
What is the units digit of 136?
6
What is the tens digit of 44?
4
What is the units digit of 87318?
8
What is the hundreds digit of 2185?
1
What is the hundreds digit of 2955?
9
What is the thousands digit of 2544?
2
What is the hundreds digit of 26741?
7
What is the units digit of 2046?
6
What is the tens digit of 932?
3
What is the tens digit of 22352?
5
What is the units digit of 375?
5
What is the tens digit of 31606?
0
What is the hundreds digit of 6098?
0
What is the tens digit of 3555?
5
What is the ten thousands digit of 22363?
2
What is the thousands digit of 10932?
0
What is the hundreds digit of 35823?
8
What is the ten thousands digit of 11008?
1
What is the hundreds digit of 5443?
4
What is the thousands digit of 94938?
4
What is the units digit of 4454?
4
What is the units digit of 4?
4
What is the tens digit of 142771?
7
What is the ten thousands digit of 19809?
1
What is the units digit of 11475?
5
What is the hundreds digit of 2088?
0
What is the tens digit of 24564?
6
What is the tens digit of 1690?
9
What is the tens digit of 1291?
9
What is the thousands digit of 35738?
5
What is the hundreds digit of 785?
7
What is the tens digit of 1714?
1
What is the units digit of 8001?
1
What is the thousands digit of 5589?
5
What is the units digit of 518?
8
What is the hundreds digit of 826?
8
What is the tens digit of 5840?
4
What is the ten thousands digit of 14704?
1
What is the units digit of 2373?
3
What is the ten thousands digit of 12850?
1
What is the tens digit of 5784?
8
What is the thousands digit of 9123?
9
What is the ten thousands digit of 14791?
1
What is the hundreds digit of 1065?
0
What is the hundreds digit of 60661?
6
What is the ten thousands digit of 205304?
0
What is the ten thousands digit of 111432?
1
What is the tens digit of 3952?
5
What is the tens digit of 4122?
2
What is the tens digit of 258?
5
What is the units digit of 9510?
0
What is the ten thousands digit of 68271?
6
What is the units digit of 58132?
2
What is the tens digit of 5090?
9
What is the units digit of 1188?
8
What is the hundred thousands digit of 145041?
1
What is the ten thousands digit of 10640?
1
What is the units digit of 3248?
8
What is the tens digit of 3038?
3
What is the hundreds digit of 530?
5
What is the tens digit of 4111?
1
What is the units digit of 538?
8
What is the ten thousands digit of 12524?
1
What is the tens digit of 19892?
9
What is the units digit of 1444?
4
What is the ten thousands digit of 22695?
2
What is the hundreds digit of 2104?
1
What is the tens digit of 4315?
1
What is the ten thousands digit of 22707?
2
What is the thousands digit of 4106?
4
What is the hundred thousands digit of 128608?
1
What is the ten thousands digit of 24648?
2
What is the ten thousands digit of 160512?
6
What is the thousands digit of 34387?
4
What is the units digit of 139356?
6
What is the ten thousands digit of 28665?
2
What is the hundreds digit of 535?
5
What is the units digit of 1319?
9
What is the tens digit of 607?
0
What is the hundreds digit of 643?
6
What is the hundred thousands digit of 106661?
1
What is the hundreds digit of 23979?
9
What is the hundreds digit of 3741?
7
What is the thousands digit of 3351?
3
What is the units digit of 46427?
7
What is the ten thousands digit of 40827?
4
What is the units digit of 506?
6
What is the thousands digit of 3193?
3
What is the hundreds digit of 12799?
7
What is the hundreds digit of 416?
4
What is the hundreds digit of 11555?
5
What is the thousands digit of 1131?
1
What is the tens digit of 12539?
3
What is the ten thousands digit of 58277?
5
What is the tens digit of 14813?
1
What is the tens digit of 383?
8
What is the units digit of 3021?
1
What is the units digit of 1011?
1
What is the ten thousands digit of 22463?
2
What is the tens digit of 1910?
1
What is the ten thousands digit of 37705?
3
What is the thousands digit of 38294?
8
What is the units digit of 668?
8
What is the hundreds digit of 278?
2
What is the hundreds digit of 379?
3
What is the units digit of 152?
2
What is the tens digit of 2396?
9
What is the ten thousands digit of 17147?
1
What is the thousands digit of 1260?
1
What is the hundreds digit of 40251?
2
What is the units digit of 4829?
9
What is the hundreds digit of 538?
5
What is the thousands digit of 9335?
9
What is the ten thousands digit of 67232?
6
What is the units digit of 2764?
4
What is the hundreds digit of 763?
7
What is the tens digit of 105223?
2
What is the thousands digit of 1225?
1
What is the units digit of 3535?
5
What is the hundreds digit of 1534?
5
What is the units digit of 51503?
3
What is the hundreds digit of 4981?
9
What is the units digit of 3441?
1
What is the hundreds digit of 978?
9
What is the units digit of 119?
9
What is the thousands digit of 57587?
7
What is the thousands digit of 47154?
7
What is the tens digit of 3413?
1
What is the units digit of 9518?
8
What is the tens digit of 67031?
3
What is the thousands digit of 4199?
4
What is the tens digit of 255?
5
What is the hundreds digit of 179?
1
What is the units digit of 15081?
1
What is the units digit of 9784?
4
What is the hundreds digit of 74210?
2
What is the hundreds digit of 521?
5
What is the thousands digit of 1956?
1
What is the ten thousands digit of 42646?
4
What is the hundreds digit of 37215?
2
What is the thousands digit of 12420?
2
What is the ten thousands digit of 62605?
6
What is the hundreds digit of 15081?
0
What is the tens digit of 40998?
9
What is the hundreds digit of 931?
9
What is the tens digit of 856?
5
What is the thousands digit of 11058?
1
What is the units digit of 2962?
2
What is the thousands digit of 7233?
7
What is the units digit of 9026?
6
What is the units digit of 417?
7
What is the tens digit of 5495?
9
What is the thousands digit of 1601?
1
What is the tens digit of 313?
1
What is the tens digit of 1113?
1
What is the tens digit of 2447?
4
What is the units digit of 305?
5
What is the hundreds digit of 841?
8
What is the hundreds digit of 1740?
7
What is the thousands digit of 3147?
3
What is the hundreds digit of 7675?
6
What is the ten thousands digit of 23130?
2
What is the ten thousands digit of 37467?
3
What is the units digit of 76461?
1
What is the thousands digit of 5281?
5
What is the tens digit of 1837?
3
What is the thousands digit of 1603?
1
What is the units digit of 1883?
3
What is the units digit of 6583?
3
What is the units digit of 21212?
2
What is the units digit of 21487?
7
What is the units digit of 821?
1
What is the thousands digit of 7325?
7
What is the tens digit of 1264?
6
What is the thousands digit of 9288?
9
What is the hundreds digit of 15444?
4
What is the units digit of 52396?
6
What is the tens digit of 7045?
4
What is the thousands digit of 4713?
4
What is the thousands digit of 7643?
7
What is the tens digit of 2297?
9
What is the hundreds digit of 693?
6
What is the units digit of 52806?
6
What is the tens digit of 540?
4
What is the units digit of 3987?
7
What is the thousands digit of 93025?
3
What is the tens digit of 62372?
7
What is the hundreds digit of 12420?
4
What is the tens digit of 2845?
4
What is the hundreds digit of 627?
6
What is the units digit of 3700?
0
What is the thousands digit of 3110?
3
What is the hundreds digit of 208?
2
What is the hundreds digit of 1232?
2
What is the h